*i + 5*w, 3*i - 227 = 2*w - 152. What is the remainder when d(-6) is divided by i?
12
What is the remainder when (13 - 1887/9)*-9*5/10 is divided by 208?
53
Suppose -6*o + o - 55 = 5*d, -2*o + 2*d = 10. Let i = 37 - o. Suppose -u + i = -71. What is the remainder when u is divided by 39?
38
Suppose -239*m = u - 243*m - 8, 5*u = -m + 103. Calculate the remainder when 4319 is divided by u.
19
Suppose 5*y = -2*r - 687, 432 = -5*y - 5*r - 243. Let w = -87 - y. What is the remainder when 259 is divided by w?
51
Let v(o) = o**3 - 37*o**2 - 2*o + 71. Let f be v(37). What is the remainder when 173 is divided by f + 125/3 + (-20)/30?
21
Let f = 33838 + -33807. What is the remainder when 341 is divided by f?
0
What is the remainder when 6400 is divided by 62/341 - 2130/(-22)?
95
Let r = 145 + 24. Suppose -110 = -9*g + r. Calculate the remainder when 90 is divided by g.
28
Let m = 1040 - 687. Let p = m + -346. Calculate the remainder when 30 is divided by p.
2
Let g be (-1 - (11 + -9))*(-16)/(-3). Let v(p) = -56*p - 255. Calculate the remainder when v(g) is divided by 107.
106
Let i = -135 + 236. Let h = -99 + i. Calculate the remainder when 28 is divided by 354/24 + (-1)/(-8)*h.
13
Let g(f) = f**3 + 22*f + 438. What is the remainder when g(0) is divided by 112?
102
Let z(f) = -f**2 + 41*f - 375. Suppose -3*u = -241 - 338. Calculate the remainder when u is divided by z(23).
37
Suppose 1518 = 54*g + 84*g. What is the remainder when 2693 is divided by g?
9
Suppose 0 = -2383*i + 2390*i - 119. What is the remainder when 198 is divided by i?
11
Let m = 13 - 4. Suppose 6*h - 173 + 149 = 0. Suppose h*s + v - 252 = 0, 4*v - 5 = 11. Calculate the remainder when s is divided by m.
8
Suppose 3*s - 138 = -3*j + 9, -5*j - s = -233. What is the remainder when 186 is divided by j?
2
Let w(a) = 2*a**2 + 57*a - 143. Calculate the remainder when 155 is divided by w(-31).
11
Suppose 1734 = k - 294. What is the remainder when k is divided by 35?
33
Let g = 369 - 328. What is the remainder when 7216/g + 1*-5 is divided by 48?
27
Suppose -3*t + 63 = 3*h, 2*t + 12 = -4*h + 48. Calculate the remainder when ((-1221)/33)/37 - (-1 - 59*2) is divided by t.
22
What is the remainder when ((-30 - 24)/27)/(26187/26189 - 1) is divided by 15?
14
Suppose 16*w + 816 = 19*w. Let v = 296 - w. What is the remainder when 32 is divided by v?
8
Suppose -236 = 10*k - 956. Suppose 0*g + 4*r - 44 = -4*g, 5*g = 5*r + 55. What is the remainder when k is divided by g?
6
Suppose 3*y - 27 = 45. Let b = 97 + -102. Let w(t) = -8*t + 5. Calculate the remainder when w(b) is divided by y.
21
Let j = -152 + 146. Calculate the remainder when 358 is divided by -2 + -1 - -5 - j.
6
Let q(i) = -i + 7. Let c be q(4). Let f(v) = 10*v - 8*v + 24*v - 5. What is the remainder when f(c) is divided by 37?
36
Suppose 0 = 5*y + 20, j - 3*j = 5*y + 16. Suppose 2*f + a = 96, 1 = j*a - 7. Suppose f = 4*n - 14. What is the remainder when 27 is divided by n?
12
Suppose 0 = 5*i - 30, 8734 + 4 = 4*d + 3*i. Calculate the remainder when d is divided by 104.
100
Suppose -16*y - 7*y + 14670 = 22*y. What is the remainder when y is divided by 49?
32
Let w = 3105 + -3049. Calculate the remainder when 275 is divided by w.
51
Let r be (12/5)/((-42)/105). Let l(q) = -11*q - 20. Let i be l(r). Let z = i + -38. Calculate the remainder when 60 is divided by z.
4
Suppose 259*b - 263*b - 5*d = -8647, 3*b + 3*d = 6486. Calculate the remainder when b is divided by 720.
3
Let d = -5378 + 5387. Calculate the remainder when 327 is divided by d.
3
Suppose 0*b + 75 = -2*x + 5*b, -2*x = -3*b + 69. Suppose 0 = -j - 2*j + 36. What is the remainder when 89 is divided by j - 11 - (0 + x)?
27
What is the remainder when 6072/(-736)*(-100)/3 is divided by 9?
5
Let s(m) = -m**3 - 63*m**2 - 977*m - 95. Calculate the remainder when 363 is divided by s(-36).
23
Let r = 9066 - 6211. What is the remainder when r is divided by 84?
83
Suppose -5*t = -5*s + 290, 2*s = -5*t + 2 + 114. What is the remainder when 3245 is divided by s?
55
Let i be (-21)/(-2) + 1*(-3)/(-6). Suppose i*q - 100 = q. Suppose 2*u + 85 = 3*t, 4*t - 140 = 5*u - 15. What is the remainder when t is divided by q?
5
Suppose -c + 624 - 595 = -h, -2*c - 5*h + 72 = 0. Calculate the remainder when 401 is divided by c.
29
Suppose 2*a - 118 + 38 = -6*s, -s - 5*a = -32. Let o be 3/6*2*8. Suppose o*n = 3*n + 115. What is the remainder when n is divided by s?
11
Suppose 18*w + 1062 = 5472. What is the remainder when w is divided by 83?
79
Let m = -17192 - -17367. Calculate the remainder when 1414 is divided by m.
14
Suppose 0 = 3*d + 4*m - 113, 2*d + 17*m = 11*m + 92. Let p = -83 - -144. Calculate the remainder when p is divided by d.
30
Let o(n) = -276*n - 1209. What is the remainder when o(-5) is divided by 26?
15
Suppose u - i - 1 = 0, u - 2*i = 4*u - 3. Suppose u - 40 = -3*g. Suppose -2*f - 250 = -7*f. Calculate the remainder when f is divided by g.
11
Let y = 204853 - 204840. Let a be (6/(-8))/((-2)/16). Calculate the remainder when (-298)/(-6) + 2/a is divided by y.
11
Suppose 21 + 32 = 4*t + 3*v, 0 = -t + v + 15. Let u be 9/(-21) - 22/t. Calculate the remainder when 74 is divided by 114/10 - (u + 12/5).
8
Suppose -54000 = -129*j - 21877 + 95716. What is the remainder when j is divided by 91?
81
Calculate the remainder when (16/31)/8 + (-21078)/(-31) is divided by 177.
149
Let z(k) = -k**3 + 19*k**2 - 24*k - 38. Let u be 4*(-20)/(-16) - -12. Calculate the remainder when z(u) is divided by 67.
65
Let q = -7 + 12. Suppose -q*r + 20 = -0*r. Suppose 3*a = z + 25 + 2, 3*z - 9 = 0. Calculate the remainder when a is divided by r.
2
Let p(v) = 2*v**3 + 30*v**2 - 13*v - 94. What is the remainder when 2524 is divided by p(-15)?
100
Let l = 492 + -342. What is the remainder when l is divided by (-40)/(-260) - (-583)/13 - (8 + -1)?
36
Suppose -109 = -2*w + 5*h + 160, 0 = -3*w + 4*h + 386. What is the remainder when w is divided by 81?
41
Let m(v) = 846*v + 5118. Calculate the remainder when 489 is divided by m(-6).
27
Suppose -g + 2*g = -4*q + 697, g - 2*q - 703 = 0. Calculate the remainder when g is divided by 45.
26
What is the remainder when (3 - 28*-6) + -10 is divided by 21?
14
Let k(g) = -11*g + 14. Let j be k(-6). Suppose 7*r = 151 + j. Calculate the remainder when r is divided by 6.
3
Let c be 1/(-1)*(-8)/(-2). Suppose 3*u - 37 = 8. Calculate the remainder when 9/c*232/(-6) is divided by u.
12
Let o = -33 - -96. Suppose o + 17 = 2*i. What is the remainder when (-20709)/(-118)*4/6 is divided by i?
37
Suppose 3177*w - 3054*w = 3813. Calculate the remainder when 71733 is divided by w.
30
Let c = 103 - 98. Suppose -129 = -2*w - 3*s, 126 = -3*w + c*w + 4*s. What is the remainder when w is divided by 13?
4
Let a = 290 + -285. Suppose 2*g - a - 59 = 0. What is the remainder when 350 is divided by g?
30
Let b(y) = 15*y**2 + 2*y - 18. Let n = 225 - 221. What is the remainder when b(n) is divided by 39?
35
Let o(d) be the first derivative of 5*d**2 + 3*d + 26. Suppose 0 = -3*w, -2*z + w - 36 = -5*z. Calculate the remainder when o(4) is divided by z.
7
Let n be (24/(-10))/(6/(-120)*6). Suppose 12*l + 3*s - 312 = n*l, 2*l - s = 146. Calculate the remainder when l is divided by 31.
13
Suppose 0 = -313*q + 725018 + 697254. Calculate the remainder when q is divided by 12.
8
Let o be (84 - 1) + (-5)/(-15)*3. Let h = -50 + o. Let q = h - 12. What is the remainder when 38 is divided by q?
16
Let s be (-84)/(-18) - 5 - (-440)/15. Suppose -s*v + 201 + 2 = 0. What is the remainder when 524 is divided by v?
6
Suppose 1768 = -7*h + 3*h. Let i = 445 + h. Calculate the remainder when 42 is divided by i.
0
Suppose -78*u + 77*u - 4*q = 0, q = -3*u + 22. Calculate the remainder when 1968 is divided by u.
0
Suppose -2*m = -0*m - 5*u - 553, 5*m - 1398 = -3*u. Suppose -13*f = -k - 16*f + 43, -5*k + m = -f. Calculate the remainder when k is divided by 20.
15
Let i be 6 + -9 + 18/2. Suppose 10*r + i*r - 2144 = 0. Calculate the remainder when r is divided by 46.
42
Let q = -32 - -79. Let s = 45 - 25. Suppose s = -2*w + 4*w. Calculate the remainder when q is divided by w.
7
Let y = -747 + 750. Suppose -5*b - 2*l + 689 = 0, 3*b - y*l - 2*l = 401. Calculate the remainder when b is divided by 23.
22
Suppose -3*f + 768 = 3*v, -2*f - 4*v + 5*